ate 8 + -9 - (-1 + 3) - -2.
-1
What is -8 + 4 + (3 - 1)?
-2
-4 + (6 - (-5 + 9))
-2
Calculate -8 + 1 - (2 + 2 + -9).
-2
What is 1 - ((6 - 5) + -1)?
1
What is 0 - (-8 - 5) - 20?
-7
Calculate -8 - (5 + 0 + -3).
-10
What is the value of 141 + -137 - (1 + 0)?
3
4 + -4 + -5 + 9 - 2
2
Evaluate -2 - ((-4 - -10) + -17).
9
-1 - (-1 - ((-4 - -2) + 0))
-2
What is -10 + 19 - (1 - -4)?
4
What is (8 - -1) + 2 - 6?
5
Evaluate -1 + (0 - -1) - (-7 - -2).
5
What is -3 + -3 + 7 + -5?
-4
What is the value of 11 + -14 - (-2 + -2)?
1
Evaluate (0 - -2) + (-26 - -24).
0
What is the value of -4 + 10 - (9 - 6)?
3
Calculate 12 - (20 + -2 - -3).
-9
Calculate (-1 - 0) + 22 + -10 + -12.
-1
What is the value of -17 + (-2 - 2) + 14?
-7
What is 1 + (1 - 2) + -1 + 1?
0
What is the value of 1 - ((-1 - -3) + 1 - 0)?
-2
Calculate 7 - 11 - (-2 + -6 + 2).
2
What is the value of 7 - 14 - (1 + -4)?
-4
What is -9 + 15 + -6 + 4?
4
What is 5 + -2 - (1 + -5 + 1)?
6
What is the value of (11 - 17) + 7 + 2?
3
What is the value of -2 + (-4 - (1 + 1 + -10))?
2
What is 3 + (-3 + 6 - (0 + 10))?
-4
What is the value of 3 - -1 - -1 - (0 + 7)?
-2
Calculate 1 + -2 + 8 + (22 - 23).
6
What is 0 + 4 + (0 - -1)?
5
What is 13 - (25 - (1 + 10))?
-1
Evaluate (-5 - (0 - 3)) + (-1 - 0).
-3
What is 1 - (-22 - -15) - 15?
-7
What is -10 + 5 + -1 - (1 + -3)?
-4
(-2 - (10 - 10)) + 0
-2
Evaluate 6 - (13 - (-15 - -28)).
6
Calculate 5 - ((3 - 0) + -3).
5
Evaluate 1 + 2 + -1 + 10 + -11.
1
Evaluate -2 + 0 + 0 - -7 - 0.
5
Evaluate 5 - (0 + -1) - (-8 + 9).
5
Evaluate -2 - (-7 - 1 - -3 - 0).
3
-12 - -1 - (-35 - -30)
-6
Calculate (-10 + 4 - -3 - -1) + 7.
5
What is -5 - -3 - (-2 - -11)?
-11
What is the value of 1 - 3 - (-15 + 19)?
-6
What is the value of (0 - (1 + -3)) + -7?
-5
Evaluate -2 + (4 - (-2 - 1)).
5
What is the value of 22 + 15 + -53 - (-1 + -6)?
-9
Calculate -4 - 1 - (7 - 7).
-5
Evaluate -3 - 0 - (-7 - -2).
2
What is -7 + 3 + 4 - (-1 - 4)?
5
What is (5 - (10 + -6)) + 6 + -4?
3
What is -2 + -1 + 8 + 24 + -29?
0
What is 6 - (0 + 6 - (-1 - -2))?
1
Calculate -4 + 5 + 4 - (29 - 14).
-10
Calculate 1 + -4 + (-2 - (-11 - -2)).
4
Calculate 3 - 3 - 0 - -3.
3
-13 + 13 + -7 - -6
-1
Evaluate 8 + -2 + 8 + -14.
0
Calculate 71 + -73 - (3 + -2 - 0).
-3
What is the value of (3 - 1) + 10 - (2 - -6)?
4
Calculate 7 + -4 - (-6 - -6).
3
Calculate 0 + -2 + -2 - (2 + -2).
-4
What is (-89 - -102) + (2 - 17)?
-2
What is the value of (-15 - -11) + 4 - 5?
-5
What is 1 + (-4 - -6) + (-1 - 3)?
-1
4 + (-11 - 1 - (-31 - -25))
-2
Calculate 1 + -6 - (4 - (-4 - -7)).
-6
0 + 0 + (-21 - -23)
2
Calculate 0 + (-2 - 2) + 0.
-4
What is (0 - -3) + (-3 - 3)?
-3
Evaluate 3 + (7 - (20 - 1)) - 1.
-10
Calculate -1 + (-3 - 4) + 16 + -15.
-7
What is the value of -4 + -5 + 0 - -1?
-8
(-2 - (3 - 3)) + -1 - 0
-3
What is -10 + (19 - 3 - 10)?
-4
-1 + (-5 - -11) + -1
4
What is 37 + -40 - (-5 + -2)?
4
-8 - (-6 - (-2 - -2))
-2
What is the value of -1 - (1 - -2) - 2?
-6
Calculate -5 - (-1 + (4 - 7)).
-1
Evaluate 4 - (3 - -1) - -4.
4
What is the value of -3 - (-13 - -3 - -5)?
2
Evaluate 10 + 1 - (83 + -75).
3
Evaluate (-9 - (-19 + 5)) + (-1 - 0).
4
What is the value of -2 - (-4 + (-1 - 2))?
5
Calculate (-3 - (-13 + 7)) + 3.
6
What is (-1 - 0) + -3 + 0 + 5?
1
Evaluate -3 + (14 - 8) + 3.
6
3 + (-5 - (-9 + 5))
2
Calculate 5 - (-1 - 4 - (-11 - -1)).
0
4 - (0 - (-3 - 0)) - 2
-1
What is -3 + 2 - 2 - -1 - -4?
2
-3 + (8 - 4 - 5)
-4
(2 - -4) + -8 + -3
-5
Evaluate 0 + 12 - (13 + 0).
-1
What is 2 + (1 - (11 + -5 - 0))?
-3
What is the value of -17 - -6 - (0 + -5)?
-6
What is the value of -1 - ((-9 - 5) + 3 + 4)?
6
(5 + -3 + 2 - -1) + 0
5
Evaluate (2 - -4 - 6) + -19 + 8.
-11
-11 - (7 + (-11 - -1))
-8
What is the value of -3 + (-4 - -4) + -3 + 3?
-3
Calculate (8 + -4 - 2 - -1) + -3.
0
What is the value of -5 - (-2 + 2 + -5)?
0
Evaluate 4 + (2 - (1 - -4)) + -5.
-4
What is the value of 1 + -1 + 0 + -4?
-4
What is (-8 - ((-4 - 3) + 3)) + 7?
3
What is the value of 3 + -14 - (6 + -15)?
-2
What is -9 + (-3 + 8 - -4)?
0
1 - (4 - (1 + 3))
1
Evaluate 6 + -1 - (-9 + (11 - -4)).
-1
-1 + -3 - (-1 + (10 - 11))
-2
5 + -4 + 6 + -1 + -6
0
-3 - ((-5 - -1) + 4 + -8)
5
What is the value of -5 - 6 - (-17 + 14)?
-8
Calculate -2 + 2 + (-1 - -3).
2
Evaluate 4 + (-3 + 5 - 5).
1
What is the value of (-27 - -23) + (-4 - -2)?
-6
22 - (9 - -10 - 6)
9
Calculate 3 + 2 + -1 + (233 - 242).
-5
What is 1 + (7 - 0 - 10) - 6?
-8
Calculate 4 - (-6 + 2 - (4 - 7)).
5
Calculate 3 + -1 - (2 + -1 + 1).
0
What is the value of -4 + (2 - 2) + (4 - 3)?
-3
Evaluate -1 - (-3 - -7) - (-1 + 2).
-6
What is -7 + 3 + (1 - -4 - -1)?
2
Evaluate -14 + (-6 - 3 - -15).
-8
What is -1 + 2 + -2 - (8 + -7)?
-2
Evaluate 3 + 6 + 2 + -7.
4
What is the value of (-1 - (-3 + 3)) + 2 + -4?
-3
What is the value of -7 + (4 - 3) + -10 + 18?
2
Evaluate -2 - ((-1 - (4 + -6)) + 1).
-4
What is (6 - 3) + 0 + 0 + -3?
0
2 + -6 + (0 - (-8 + 1))
3
Calculate -5 + 5 + (1 - (-6 + 2)).
5
Evaluate -3 + 8 + -6 + 1 + 0.
0
What is the value of -5 + 0 - (-8 + 5 + -5)?
3
2 + -8 + (0 - -5)
-1
What is 9 + 3 + (-4 - 1) + -3?
4
Evaluate 8 + (-15 - -9) + -1 + 6.
7
Evaluate -1 - (6 + -6) - 1.
-2
What is the value of (3 - 5) + (-4 - -6) + -7?
-7
What is -4 + 16 + -6 - 2?
4
Evaluate 13 + -10 + (0 + -1 - 2).
0
Evaluate 4 + (-4 - 4) - -7.
3
What is the value of 1 + 8 + -13 - -4?
0
Calculate (-5 - -1) + 5 + 0.
1
Calculate (-5 - (-4 - -2)) + -7 + 4.
-6
What is (-2 - -2) + 7 - (12 + -8)?
3
What is 9 - (-6 - -3 - -9)?
3
What is (-4 - 3) + 0 + 11 - 4?
0
What is (0 - -1) + -6 + (0 - -3)?
-2
What is the value of (-5 - (-8 - 1)) + -7?
-3
Calculate 6 + (5 + 2 - 5) + -6.
2
What is the value of -7 + (-4 - (-10 - 0))?
-1
(-4 - (-4 + 2)) + (-1 - 2)
-5
Calculate -6 + -4 + (12 - 11).
-9
What is the value of -6 + -1 + -9 + 20?
4
Calculate -1 + (-1 - (2 - 5)) + -4.
-3
What is (-16 + 5 - -7) + -1?
-5
What is the value of -6 + -1 + (3 - -10)?
6
What is (0 + -2 - 3) + (-1 - -2)?
-4
Calculate 7 - (13 + -11) - (3 - 1).
3
Evaluate 53 + -41 + 0 + -4.
8
Calculate -5 + 8 - (1 - 1).
3
What is -8 + 3 + -4 + 9?
0
Evaluate (0 - (2 + -6)) + -4 + 2.
2
Evaluate 2 + 2 + -6 + -3.
-5
Calculate -6 + (3 - (0 - 1)) - -6.
4
Evaluate 7 + (0 - (-4 + 12)).
-1
Evaluate -2 + 3 - (2 + -3) - 0.
2
Evaluate -2 - (3 + -8 + 7).
-4
Calculate (8 - -1) + (14 - 18).
5
What is -9 + 10 + 2 + -7?
-4
What is the value of 0 - -6 - (-2 - -7)?
1
Evaluate -24 + 23 - (0 + -1 + -1).
1
Calculate -1 + 2 + 0 - (1 + 1).
-1
What is (-2 + -4 - -10) + 1 + -9?
-4
Calculate (0 + -2 - (1 - 4)) + 1.
2
What is the value of -21 + 16 + 3 + 0?
-2
3 + (-2 + 3 - 2)
2
What is -1 + -16 + (-9 - 6) + 22?
-10
What is the value of -10 + -3 + (8 - -6 - 8)?
-7
Calculate 2 - (7 - (-3 - -4)).
-4
Evaluate (-2 - 3) + 7 + -1.
1
What is (19 - 17) + -1 + 2 + -7?
-4
What is -4 + -7 + 4 + -2?
-9
What is 3 + -1 + 5 - 9?
-2
What is the value of -10 - -18 - (-1 - 2 - -8)?
3
Calculate -7 + 11 - (5 + 0).
-1
Evaluate -4 + 5 - (10 + -3 + -1).
-5
Calculate -2 - 2 - (-1 + 2 - 5).
0
What is (-1 - (-10 + (6 - 1))) + -4?
0
17 - (-9 + 7 + 12)
7
Evaluate -3 + 2 + 0 + (7 - 7).
-1
What is the value of 4 - 3 - (1 - (-5 + 3))?
-2
What is -5 - (-1 - 4 - -6)?
-6
Calculate (-2 - -7) + -11 + (-1 - -4).
-3
What is 0 - (3 + (3 - 3)) - 1?
-4
Calculate (-1 - -5) + -68 + 66.
2
What is the value of (4 + -5 - -1) + -4?
-4
What is (4 + 5 - 6) + -2?
1
What is the value of -50 - -48 - (-2 - 3 - -2)?
1
Calculate -106 + 109 + (2 - 1) + 2.
6
Evaluate -4 - (-12 + 2 + 14).
-8
Calculate -2 + 6 - (7 - 5) - 3.
-1
What is the value of -1 + 2 + 119 + -121?
-1
Evaluate (4 - -2) + -2 - 9.
-5
Evaluate -6 + 6 + 7 - 3.
4
Evaluate 5 - (-3 + (2 - 0)).
6
Evaluate (1 - (4 + 1)) + (-32 - -36).
0
Calculate -5 - (0 - (0 + 3)).
-2
What is the value of -8 - 3 - -7 - -2?
-2
Evaluate -1 + 2 - (3 - (-6 - -5)).
-3
What is -2 + -2 + 7 + (5 - 11)?
-3
-1 + 3 - 4 - 0 - -4
2
Evaluate 1 - (1 + -2 - 5).
7
What is the value of 2 + (2 - 3) + 2?
3
-6 + 4 + 1 + -1
-2
What is -154 + 149 - (-1 - 1)?
-3
-4 - ((2 - 7) + 11 + -8)
-2
Evaluate -4 - 1 - (-6 - -3).
-2
What is 4 + -8 + 1 - (-9 - -13)?
-7
Evaluate 6 - 0 - (13 - 12).
5
What is 0 - 8 - -4 - -6?
2
-1 - 0 - (-7 - (3 + -8))
1
What is 14 - (18 + (4 - 13))?
5
What is 6 + -7 - 5 - -4 - 4?
-6
Calculate -1 + 3 + (1 - 2 - 7).
-6
Evaluate -6 - -2 - (7 + -8) - 2.
-5
What is -1 + -3 + 16 + -6?
6
11 + -3